{"id":97,"date":"2026-01-09T10:10:01","date_gmt":"2026-01-09T10:10:01","guid":{"rendered":"https:\/\/www.craftownia.edu.pl\/?page_id=97"},"modified":"2026-01-09T10:10:02","modified_gmt":"2026-01-09T10:10:02","slug":"kontakt","status":"publish","type":"page","link":"https:\/\/www.craftownia.edu.pl\/index.php\/kontakt\/","title":{"rendered":"Kontakt"},"content":{"rendered":"\n<p>\ud83d\udcde <strong>Telefon:<\/strong> +48 883 437 792<br>\u2709\ufe0f <strong>E-mail:<\/strong> <a>aneta@craftownia.edu.pl<\/a><\/p>\n\n\n\n<p>Je\u015bli nie odbieram telefonu, najpewniej prowadz\u0119 zaj\u0119cia z dzie\u0107mi.<br>Oddzwaniam i odpisuj\u0119 na wiadomo\u015bci <strong>w pierwszym mo\u017cliwym momencie<\/strong>, gdy mam przestrze\u0144 na spokojny kontakt.<\/p>\n\n\n\n<p><\/p>\n","protected":false},"excerpt":{"rendered":"<p>\ud83d\udcde Telefon: +48 883 437 792\u2709\ufe0f E-mail: aneta@craftownia.edu.pl Je\u015bli nie odbieram telefonu, najpewniej prowadz\u0119 zaj\u0119cia z dzie\u0107mi.Oddzwaniam i odpisuj\u0119 na wiadomo\u015bci w pierwszym mo\u017cliwym momencie, gdy mam przestrze\u0144 na spokojny kontakt.<\/p>\n","protected":false},"author":1,"featured_media":0,"parent":0,"menu_order":0,"comment_status":"closed","ping_status":"closed","template":"","meta":{"_monsterinsights_skip_tracking":false,"_monsterinsights_sitenote_active":false,"_monsterinsights_sitenote_note":"","_monsterinsights_sitenote_category":0,"postBodyCss":"","postBodyMargin":[],"postBodyPadding":[],"postBodyBackground":{"backgroundType":"classic","gradient":""},"_uf_show_specific_survey":0,"_uf_disable_surveys":false,"footnotes":""},"class_list":["post-97","page","type-page","status-publish","hentry"],"aioseo_notices":[],"_links":{"self":[{"href":"https:\/\/www.craftownia.edu.pl\/index.php\/wp-json\/wp\/v2\/pages\/97","targetHints":{"allow":["GET"]}}],"collection":[{"href":"https:\/\/www.craftownia.edu.pl\/index.php\/wp-json\/wp\/v2\/pages"}],"about":[{"href":"https:\/\/www.craftownia.edu.pl\/index.php\/wp-json\/wp\/v2\/types\/page"}],"author":[{"embeddable":true,"href":"https:\/\/www.craftownia.edu.pl\/index.php\/wp-json\/wp\/v2\/users\/1"}],"replies":[{"embeddable":true,"href":"https:\/\/www.craftownia.edu.pl\/index.php\/wp-json\/wp\/v2\/comments?post=97"}],"version-history":[{"count":1,"href":"https:\/\/www.craftownia.edu.pl\/index.php\/wp-json\/wp\/v2\/pages\/97\/revisions"}],"predecessor-version":[{"id":98,"href":"https:\/\/www.craftownia.edu.pl\/index.php\/wp-json\/wp\/v2\/pages\/97\/revisions\/98"}],"wp:attachment":[{"href":"https:\/\/www.craftownia.edu.pl\/index.php\/wp-json\/wp\/v2\/media?parent=97"}],"curies":[{"name":"wp","href":"https:\/\/api.w.org\/{rel}","templated":true}]}}